2*x - 18, y*x - 4*v - v = 54. Suppose 5*q - 106 - 4 = 0. Calculate the highest common divisor of x and q.
11
Let g(u) = -u**2 - 6*u - 3. Let q = -11 - -7. Let o be g(q). Suppose -18 = 2*b - o*b. Calculate the greatest common divisor of b and 18.
6
Suppose 7 = v - h, 10*h = -3*v + 7*h + 15. What is the greatest common divisor of v and 834?
6
Suppose -o = -2*o + q + 600, 0 = 4*o + 2*q - 2388. What is the highest common factor of 26 and o?
26
Let a(i) = i**2 + 40*i + 421. Let g be a(-11). Calculate the highest common factor of 306 and g.
102
Let z = 19 - 17. Suppose -3*m + 5 = -2*d, 3*m - 13 = 6*d - z*d. Let q be 1 + d + 12 + 1. Calculate the greatest common factor of q and 40.
10
Suppose -6*n + n + 10 = 0. Calculate the greatest common divisor of 40 and n.
2
Let d(a) = 179*a - 3. Suppose 3 = -2*u + 5*u. Let x be d(u). Calculate the greatest common divisor of x and 16.
16
Suppose -g - 3 = 2*b, 5*g + 4*b = 5 + 4. Suppose j = g - 4. Suppose 5*c = 4 + j, 0 = -3*t + 2*c + 73. What is the highest common divisor of t and 25?
25
Let t be ((-80)/15)/8 - (-141)/9. Calculate the highest common factor of t and 3.
3
Suppose -298 - 66 = -26*o. Calculate the highest common divisor of 294 and o.
14
Let t = 59 + -39. Calculate the greatest common divisor of 35 and t.
5
Let j be 2749/4 - 51/(-68). Suppose -3*p = 2*k + 191 - j, -p + 170 = 5*k. Calculate the highest common divisor of p and 15.
15
Suppose -r + 5*x = -117, 5*r - 20*x + 23*x - 669 = 0. Calculate the greatest common factor of 176 and r.
44
Let y = -73 - -75. Suppose -y*k + 8 = -k. What is the greatest common divisor of k and 4?
4
Let n = -3 + 4. Let j(b) = 26*b + 32 + 4*b - 10*b - 10*b - b**2. Let a be j(12). What is the greatest common divisor of a and n?
1
Suppose 3*u + 10*m = 15*m + 160, u = -2*m + 57. What is the highest common divisor of u and 121?
11
Let b(p) = -4*p**3 - 2*p + 0*p**3 - 3*p - 2 + 0*p. Let y be b(-3). Let i(l) = 12*l - 1. Let o be i(1). Calculate the greatest common divisor of y and o.
11
Let m(g) = -2*g**3 - 4*g**2 - 2*g. Let s be m(-2). Let l(q) = 15*q + 1261. Let z be l(-84). Calculate the highest common factor of s and z.
1
Let a be 108/(-8)*8/(-3). Let y be a - (2*-1 + (-1 - -4)). What is the greatest common divisor of y and 10?
5
Let w(z) = -z + 8. Let a be w(8). Suppose 4*j - 166 - 10 = a. Suppose 2*b + 2*b - j = 0. What is the greatest common factor of 88 and b?
11
Let s be -7 + 27/9 + 213. Calculate the greatest common factor of s and 38.
19
Let y = -631 + 637. Calculate the greatest common factor of y and 366.
6
Let s = -41 + 38. Let j be 23 - ((-9)/s + -2). Calculate the highest common divisor of 176 and j.
22
Let x = 2256 - -768. What is the highest common factor of x and 27?
27
Let l be 3/(-5)*-5*(-46)/6. Let d = 17 - l. What is the greatest common factor of d and 16?
8
Let j(x) = 79*x**2 + 11*x + 41. Let z be j(-4). What is the highest common factor of z and 13?
13
Let z be (4/6)/(4/(1332*2)). Calculate the highest common factor of 36 and z.
12
Let d(m) = 2*m + 174. Let p be d(0). Let h = p - 98. Calculate the highest common factor of h and 19.
19
Let r = -47 - -74. Let g be (72/(-60))/(1/(-5)*2). Suppose -t - g = -6. What is the highest common divisor of t and r?
3
Let b(i) = 2*i**2 + 15*i - 19. Let h be b(-9). What is the highest common factor of h and 2?
2
Suppose -2*s - 262 = -3*j - s, -4*j + 353 = -5*s. Let i be (1 - (1 + 1))*-58. Calculate the greatest common factor of i and j.
29
Suppose 20 = 5*s - 6*s. Let b = s - -22. Suppose 4*k - 3*w = 3*k + 16, 2*k + 4*w = b. What is the highest common divisor of 7 and k?
7
Let b = -79 + 107. Let u be ((-324)/63)/((-3)/b). What is the highest common factor of u and 12?
12
Suppose -4*h + 14 - 2 = 0. Let k be 4 - (-4)/12*-3. Let r be 2/k - (-4)/h. Calculate the highest common divisor of r and 4.
2
Suppose -4*g = -5*m + 96, -2*g + 62 = 3*m - 0*g. Let l = -158 - -278. Calculate the highest common divisor of m and l.
20
Let n(c) be the first derivative of -2*c**2 - 16*c + 4. Let b be n(-7). What is the highest common divisor of 84 and b?
12
Let f = -26 - 63. Let z = f + 359. Suppose 0 = -2*y - y + z. What is the greatest common divisor of 60 and y?
30
Suppose 0 = -21*z + 5*z + 2800. What is the highest common factor of z and 105?
35
Let j(u) = u**2 - 1. Let x be j(3). Let y(d) = x*d + 11 - 5 - 8. Let i be y(7). Calculate the highest common factor of i and 6.
6
Let z = 45 + -27. Suppose -6 = -0*g + 3*g, -2*b - 3*g + 30 = 0. Suppose -l = 5*l - b. What is the highest common factor of z and l?
3
Let l = -203 - -216. Let i be (-26)/(-3)*(-135)/(-10). Calculate the greatest common factor of i and l.
13
Suppose k = -2*k - m + 150, -k + 5*m + 50 = 0. Let g(p) = 4*p**2 + 2*p - 2. Let q be g(-2). Calculate the greatest common divisor of q and k.
10
Suppose -3*l = -2*q + q - 406, -5*l = -4*q - 679. Let w = -3 + 18. What is the highest common divisor of l and w?
15
Suppose -3*r - 9 = 0, r = 4*y - 1504 - 1103. What is the greatest common divisor of 21 and y?
21
Let z = -282 - -417. Let l(x) = 4*x - 5. Let t(p) = p**3 - 17*p**2 - p + 22. Let m be t(17). Let i be l(m). Calculate the greatest common divisor of i and z.
15
Suppose 5*t - 129 = -2*z, 2*z - t = 142 + 5. What is the greatest common divisor of 9 and z?
9
Let u be -1 + 1 + 32 - (9 + -4). What is the highest common factor of u and 27?
27
Let s be 34*-2*1/(-4). Let o(p) = -p + 17. Let j be o(s). Suppose 5*r + 2*u - 45 + 8 = 0, j = 4*r - 4*u - 52. What is the greatest common factor of r and 36?
9
Let a(m) = 16*m**3 + m**2 - 1. Let i = -105 + 106. Let r be a(i). What is the highest common factor of r and 64?
16
Suppose -3*h = -h - 20. Suppose 6*l - 8*l = 6. Let t be 3/(l/90*-3). Calculate the greatest common factor of h and t.
10
Let v = -36 - -62. Let f be (-232)/(-29)*(9/(-4) - -1). Let q = v + f. What is the highest common divisor of 4 and q?
4
Suppose 3*k - 1 = 2*k. Let h(j) = 99*j**3 - j + 1. Let m be h(k). What is the highest common divisor of m and 11?
11
Let b be 18*1*(-4)/(-6). Let s = 1546 + -1486. Calculate the highest common divisor of b and s.
12
Let w = -28 - -30. Suppose -258 = -5*s + 2*s. Suppose -3*v + 73 = -2*g + 19, 4*v = -w*g + s. Calculate the greatest common divisor of 10 and v.
10
Let c be (-148)/(-28) - 2/7. Calculate the greatest common factor of c and 9.
1
Let b(d) = d**2 + 6*d + 4*d - 8 + 7 - 11. Let s be b(-12). Calculate the highest common divisor of 8 and s.
4
Let r(h) = 9*h**2 + 1. Let u be r(1). What is the greatest common divisor of 745 and u?
5
Let l be -4*(120/(-160) + 14/(-4)). What is the greatest common factor of l and 153?
17
Let i be -72*(10/15)/(-2). What is the highest common factor of 276 and i?
12
Let c(g) = 10*g + 11*g - 7 - 24*g. Let v = 13 - 19. Let p be c(v). Calculate the greatest common factor of 22 and p.
11
Let z(g) = -g**3 + 0 + 115*g**2 + 6 - 110*g**2 - 3*g. Let h be z(4). What is the highest common factor of 4 and h?
2
Suppose 67 = 4*r + 19. Let v = 359 - 341. Calculate the highest common factor of r and v.
6
Suppose -2*w - 250 = -5*i + 3*w, -108 = -2*i - 2*w. Let y = -34 + i. Calculate the highest common divisor of y and 12.
6
Let h = -8 - -12. Suppose -3*b + 29 = -h*f - 20, b - 5*f = 20. Let d be 1/(-4) - (-122)/8. Calculate the greatest common factor of b and d.
15
Let i(g) = 4*g**2 + 4*g - 40. Let m be i(-7). Suppose 0 = 4*h + d - 69, 4*d + 30 + 14 = 4*h. Calculate the greatest common divisor of h and m.
16
Suppose -6*b = -73 + 25. Let q = -12 + 28. Calculate the highest common factor of q and b.
8
Suppose 4*b - 113 = 151. Let k = -65 + b. What is the highest common divisor of k and 1?
1
Let s(a) = -15 - 3*a + 6*a - 4*a. Let y be s(-19). Let p be ((-8)/5)/((-228)/220 + 1). What is the greatest common divisor of y and p?
4
Let h be (2 + 4)*-6*39/(-12). What is the highest common factor of 9 and h?
9
Suppose 0 = x, -2*y - 3 = -2*x - 19. What is the highest common factor of 10 and y?
2
Let u(j) = -j**3 + j + 20 + 18 - 30. Let v be u(0). Calculate the highest common factor of 2 and v.
2
Let u = 38 + -35. Suppose j + u = 25. Calculate the highest common divisor of 11 and j.
11
Let a be 20/(-15)*(35 - 4/2). Let w = a + 69. What is the greatest common factor of w and 150?
25
Let p = 25 - 16. Suppose 652 = -5*c + p*c. Let k = c + -7